 - q = -4*b + 6*k. Let o = 35 - b. List the prime factors of o.
2, 5
Let x(r) be the second derivative of r**4/4 + r**3 + 8*r**2 - 10*r. What are the prime factors of x(6)?
2, 5
Suppose j = 2*b - 75, -4*b = 4*j - 7*j - 155. Suppose 4*i = -4*l - b + 155, -150 = -5*l + 4*i. What are the prime factors of l?
2, 3, 5
Let w be ((-2)/4)/((-1)/10). Suppose -3*m = -5*m - w*g + 85, 4*m - 157 = 3*g. Suppose 3*t + 1 - m = 0. List the prime factors of t.
13
Let h be 15/10*8/3. Suppose -4 = -2*j + h. What are the prime factors of j?
2
Let x(g) = -59*g - 36. What are the prime factors of x(-11)?
613
Let b(k) = -3*k**3 - 3*k**2 - k - 1. Suppose 0 = -u + 1 + 1, z - 5*u = -12. Let t be b(z). Suppose 3*q - t - 23 = 0. List the prime factors of q.
2, 3
Suppose 4*d + 3385 - 10936 = -5*v, -1495 = -v + 3*d. List the prime factors of v.
11, 137
Let h(y) = y + 11. Let t be h(0). Let v = 83 - t. What are the prime factors of v?
2, 3
What are the prime factors of (-10)/(-4)*-2 - -760 - 2?
3, 251
Let m be 2 - ((5 - -115) + 3). Let n = m - -131. List the prime factors of n.
2, 5
Let p(m) = -1840*m**3 - m**2 - 18*m - 16. List the prime factors of p(-1).
7, 263
Suppose 3*g + 2*g = 1515. Suppose -g = 2*n - 71. Let t = -61 - n. What are the prime factors of t?
5, 11
Let o(b) = b**2 - 22*b - 46. Let m be o(24). Let n be (1 + -3)*3/(-2). Suppose m*g - n*g - t = -4, -g + 2*t = -1. What are the prime factors of g?
3
Let p(s) = 9*s**2 + 23*s + 28. What are the prime factors of p(-18)?
2, 5, 11, 23
Let i be 3 - (-3 - (1 - 1)). Suppose i*s - 75 = 507. What are the prime factors of s?
97
Let d be 3/(-4) - 1724/(-16). Let i = d + -65. Suppose -4*a + 34 = 4*u - i, -u - 2*a + 16 = 0. List the prime factors of u.
2, 11
Let t(j) = 16 + j**2 + 104*j**3 + 9 - 9 - 11*j. Let p(r) = -21*r**3 + 2*r - 3. Let y(k) = 11*p(k) + 2*t(k). List the prime factors of y(-1).
2, 3
Suppose -2*a - 3*a + 3*z + 27 = 0, -5*z + 11 = a. Suppose 20 = -a*d + 11*d. Suppose -d*w + 8 = -3*w. What are the prime factors of w?
2
Suppose 2*f - 541 = -s, -f - 5*s = 43 - 309. What are the prime factors of f?
271
Suppose 7*b = 6*b + 3*g + 371, 4*g + 372 = b. List the prime factors of b.
2, 23
Let f(s) = s**2 + s - 2. Let u be f(-3). Suppose -x + u*x = 0. Suppose x*r + 6 = r. List the prime factors of r.
2, 3
Let c(w) = 2*w**3 - 6*w**2 - 10*w + 1. Let v = -31 - -37. List the prime factors of c(v).
157
Let u(v) = -10*v - 1. Let m(w) = -31*w - 4. Let y(p) = -2*m(p) + 7*u(p). Let o be y(-3). Let r = o + -17. List the prime factors of r.
2
Suppose -4*b = b - 25. Suppose b*k - 9*k + 420 = 0. List the prime factors of k.
3, 5, 7
Suppose 4710 = 7*n + 3*n. List the prime factors of n.
3, 157
Let b(t) = t + 257. List the prime factors of b(0).
257
Suppose -4*k - 1 = -5*l - 18, 5*k - 16 = l. Suppose -4*t + 164 + 101 = 5*r, -k*r = -3*t + 219. List the prime factors of t.
2, 5, 7
Let d(b) = 62*b**3 + 3*b**2 - 4. List the prime factors of d(2).
2, 3, 7
Let m(o) = -o**2 + 14*o + 19. Let t be m(15). Suppose -t*y - 24 = -6*y. List the prime factors of y.
2, 3
Suppose 10*l = 7215 - 1635. What are the prime factors of l?
2, 3, 31
Let x be 11/2 + (-7)/2 + 3. Suppose 0 = p - 2*i - 63, -41 = -2*p - x*i + 94. List the prime factors of p.
5, 13
Let g = -188 - -336. List the prime factors of g.
2, 37
Let g be 10/((1 - 2) + 0). Let s be -6 - (-2 + -1) - g. Let n(d) = d**3 - 6*d**2 - 5*d + 5. What are the prime factors of n(s)?
19
What are the prime factors of (-1 - -2)/((-6)/(-10572))?
2, 881
Let y(a) = a + 10. Let p be y(-6). Suppose -2*h - 3*b + 6 = 0, 0*b = -3*h + p*b + 9. Let t = 9 - h. List the prime factors of t.
2, 3
Suppose -3*i + 8739 - 1803 = 0. List the prime factors of i.
2, 17
What are the prime factors of 6/24 - 861/(-12)?
2, 3
Suppose 7*a = 450 + 3470. List the prime factors of a.
2, 5, 7
List the prime factors of -2 + 1679 + 3 + (2 - 7).
5, 67
Let y(o) = -5*o - 28. Let w be y(-7). Suppose 1649 - 459 = w*q. List the prime factors of q.
2, 5, 17
What are the prime factors of 4 + -5 + 163 - 5?
157
What are the prime factors of ((-3236)/(-5))/((-74)/(-185))?
2, 809
Let t(z) = -z + 12*z + 12 - z**2 + 5. Let n be t(12). Suppose -4*h - 4*s + 97 = 33, 3*h - n*s - 56 = 0. What are the prime factors of h?
17
Let r(q) = q**3 - 2*q**2 - q + 3563. What are the prime factors of r(0)?
7, 509
Suppose 8*g - 9*g = -136. Suppose 6*i - g = 116. List the prime factors of i.
2, 3, 7
What are the prime factors of (-10420)/16*-2 - (-10)/(-20)?
2, 3, 7, 31
Let b(t) = t + 45*t + 39*t - 1 - 17*t. Suppose l - 8 + 5 = m, -l - 3*m = 5. What are the prime factors of b(l)?
67
Suppose 0 = 4*v - 13 + 1, 0 = -3*q - 3*v + 150. What are the prime factors of q?
47
Let s be (10 + -12)/(4/6). Let o be (-1)/s - 7/3. What are the prime factors of (-3)/(-2*o/(-12))?
3
Suppose -4*x + 6 - 23 = -5*c, -c = 5*x - 15. Let z be (75/(-9))/(x/(-6)). Suppose -130 = -5*t - z. List the prime factors of t.
3, 7
Suppose 2*r + 4*j = 18, -4*r = -3*j - 4 + 1. Let t(w) = -w**3 + 3*w**2 + 3*w - 2. Let i be t(4). What are the prime factors of r/(-4 - 26/i)?
3
Let i(n) = -3*n - 2. Let g be i(-1). What are the prime factors of (2/(-4))/(3/(-222)*g)?
37
Let b = -8 + 9. Let o(w) = 0 - 2*w**2 + 22*w**2 - 1 + w. What are the prime factors of o(b)?
2, 5
Suppose -51420 = -52*p + 32*p. What are the prime factors of p?
3, 857
Let k = -1603 + 2644. What are the prime factors of k?
3, 347
Let g be 280/36 - 6/(-27). Let l(u) = 3*u**2 - 7*u + 19. List the prime factors of l(g).
5, 31
Let z be (-2 - 20/(-9)) + (-4712)/(-18). Suppose 14 = -2*p - 2*y + z, -p = -y - 114. What are the prime factors of p?
7, 17
Let c(y) = y**2 - 10*y + 23. List the prime factors of c(23).
2, 7, 23
Let f = -195 - -305. List the prime factors of f.
2, 5, 11
Let t(w) = 6*w - 9. Suppose -2*s - a + 14 = 0, 2 = a + 6. Let d(k) = -2*k**2 + 17*k + 13. Let v be d(s). What are the prime factors of t(v)?
3, 5
Suppose -856 + 60 = -g - j, -j = -1. What are the prime factors of g?
3, 5, 53
Let x be (-1)/(-6) - 391/(-102). Suppose -x*m = -w + 65, 4*w - 53 - 169 = -3*m. List the prime factors of w.
3, 19
Suppose 22 = 2*t - 5*z, -4*t + 20 = t + 5*z. Let p(l) = l**3 - 2*l**2 - 5*l + 15. What are the prime factors of p(t)?
3, 43
Let q(b) = -122*b + 365. What are the prime factors of q(-7)?
23, 53
Let c = 16 - 13. Suppose t = -c*t. Suppose t = 2*n - 0*n - 36. List the prime factors of n.
2, 3
Let w(z) = 741*z**2 - 7*z + 2. List the prime factors of w(-2).
2, 5, 149
Let o be (18/(-27))/(2/(-9)). Suppose o*f + 4*l = 24, -l - 7 + 2 = -2*f. Suppose f*u - u - 3*x = 54, 3*x = -2*u + 51. List the prime factors of u.
3, 7
Let j(w) = -39*w + 6. Let n be j(-6). Suppose -n = -10*v + 5*v. Let x = 69 - v. What are the prime factors of x?
3, 7
Let n = 24 + -31. Let h(g) = -3*g - 19. Let x be h(n). Suppose 28 + 16 = x*q. List the prime factors of q.
2, 11
Let o(n) = -n**3 + 10*n**2 + 7*n - 25. Let b be o(11). Let u = b - -123. What are the prime factors of u?
2, 3
Let f = 12 + -3. Let p be -3 + 6*6/f. What are the prime factors of (19 + -6)/(p/3)?
3, 13
Suppose a - 458 = 2*c - 7007, c - 3282 = -2*a. What are the prime factors of c?
2, 3, 7, 13
Suppose 0 = -d + 7*i - 2*i, -5*d = -i + 72. Let p = 20 - d. What are the prime factors of p?
5, 7
Let d = 97 + -71. Let b = 28 + d. What are the prime factors of b?
2, 3
Let t(l) = -14*l - 208. Let z be t(-16). Let y be (-16)/3 - (-4)/(-6). Let v = y + z. What are the prime factors of v?
2, 5
Let c(u) = -4*u + 10 + u**2 + 0*u**2 - 8*u + 19*u. Let k be c(-6). Let a = 7 + k. What are the prime factors of a?
11
Let l(z) = 78*z - 41. What are the prime factors of l(5)?
349
Suppose -3*k = -3*b - 750, 34*b - 31*b = -2*k + 505. What are the prime factors of k?
251
Let a(n) be the second derivative of -n**5/20 + n**4/2 + n**3/6 - n**2/2 + 10*n. What are the prime factors of a(6)?
5
List the prime factors of 691 - (3 + (-12)/4).
691
Suppose -5*u + 8625 = 2*o, -5*u + 3*u + 3450 = 5*o. List the prime factors of u.
3, 5, 23
Let w = 252 + 40. Suppose 0*m + w = 4*m. List the prime factors of m.
73
Let s = 645 + -374. List the prime factors of s.
271
Let c = 70 - 66. Suppose -2*m + 19 = -0*m + 5*f, -c*f + 10 = -m. What are the prime factors of m?
2
What are the prime factors of (-41)/((-328)/28320) - -8?
2, 887
Suppose -5*s - 4*v + 629 =